 is the value of (13 - 8 - 5) + -15 - -4?
-11
Calculate 16 + (-2 + -4 - (-6 - -6)) - -3.
13
Calculate -8 - (-9 + -4 - (-20 + 30)).
15
Calculate (-25 - -13) + (1 - -4) + -5.
-12
24 - (-36 - (-21 - 12))
27
(-3 - (-6 + -5)) + -18 + -5
-15
What is the value of -4 - (-14 - -14) - (1 + -6) - 4?
-3
27 - (-13 + 33 + 17)
-10
What is -20 + -7 + 12 - -26 - -4?
15
Calculate -19 + 28 - (47 + -7) - -5.
-26
Evaluate 25 - (40 + -6 + -20).
11
Evaluate -10 + (-10 - (11 - 22) - 11).
-20
Calculate -4 - (27 + -30) - -9.
8
Calculate (1 - (-2 + 7 + -3)) + -217 + 217.
-1
2 + -13 - (46 - 59)
2
Calculate -10 + (3 + -1 - -15 - 6).
1
What is 9 - 15 - (2 + -1) - (1 + -9)?
1
What is 5 - (-5 - -6 - 12 - -4)?
12
What is the value of 22 + -28 - (-16 - 0)?
10
Calculate (6 - 15) + (-9 - -25).
7
(-3 - 1) + 5 + 7 + -22
-14
What is 1 + (5 - (-3 - 1)) + -5?
5
What is -8 + 1 - (5 - 23)?
11
Evaluate -10 - (3 - (-12 - -21)).
-4
What is the value of (12 - -8) + (-8 - 0)?
12
Calculate 31 + -18 - (-6 - -9).
10
What is 39 + (-13 - -13) + -22?
17
What is 7 + ((8 + -8 - 5) + 0 - -2)?
4
What is the value of (-6 - 6) + -11 + 12?
-11
What is (2 - (-19 - 5)) + -4 - 11?
11
What is the value of -10 + (1 - -1 - (11 - (7 - -3)))?
-9
Calculate -111 - -104 - (-13 - 1).
7
Evaluate 2 - (16 - -17 - 12).
-19
Evaluate -6 + (11 - (4 - 2) - (-4 - -8)).
-1
Evaluate (-17 - -18 - (-1 + 9)) + 12 + -21.
-16
Calculate 3 + 1 + -1 + -383 + 391.
11
Calculate 8 - (9 + -3 - (4 - 3)).
3
Calculate 6 - (-1 - (-8 + 7)).
6
Calculate -6 + 5 - -13 - 13.
-1
What is 2 - (-101 - -87 - (-49 - -3))?
-30
What is the value of (-7 - (10 + -5)) + (1 - 2) + 0?
-13
Evaluate 9 + (15 - (-14 + 21) - (8 - -1)).
8
-9 + 7 + (-5 - 2)
-9
What is (18 - (11 - -22)) + 37?
22
-4 + (10 - (-4 + 0 - -10) - 32)
-32
What is the value of 159 - 173 - (-7 + 1)?
-8
Calculate 4 + (1 - (-5 - -6)) + -25 + -3.
-24
-257 + 241 + (37 - (-6 - -4))
23
What is 8 - (-12 + 0 - -18)?
2
Evaluate -14 - (4 + -6 + 5) - (1 - 9).
-9
Calculate (33 - 19 - 49) + 30.
-5
What is -8 + (5 - -10) - 9?
-2
Calculate 6 + (-15 - -9 - (3 - -6)).
-9
What is (-6 - -16 - 9) + 10?
11
What is the value of 11 + 7 + 2 + -1?
19
-5 - (6 + -10 + 6) - (-2 - 4)
-1
What is the value of 0 + 1 + -49 + 48 - 3?
-3
Evaluate 1 + (-2 - 1) - (-14 - (2 - 15)).
-1
-11 + 15 + -9 - (-31 + 2 + 2)
22
Evaluate (-516 - -504) + 1 + 0 + 28.
17
-4 + (-11 - -1 - (10 + 9 + -25))
-8
What is the value of 6 + 20 + -16 + 5 + (1 - -5)?
21
-13 + (2 - (-34 - -9))
14
Evaluate (3 - ((-1 - 0) + -8)) + (-115 - -136).
33
